{"id":621,"date":"2022-05-29T16:08:22","date_gmt":"2022-05-29T14:08:22","guid":{"rendered":"https:\/\/www.fernsteinsee.at\/info\/?page_id=621"},"modified":"2022-05-29T16:34:15","modified_gmt":"2022-05-29T14:34:15","slug":"historische-sehenswuerdigkeiten","status":"publish","type":"page","link":"https:\/\/www.fernsteinsee.at\/info\/historische-sehenswuerdigkeiten\/","title":{"rendered":"Historische Sehensw\u00fcrdigkeiten"},"content":{"rendered":"<div class=\"wpb-content-wrapper\"><section class=\"l-section wpb_row us_custom_dfddb007 height_custom\"><div class=\"l-section-h i-cf\"><div class=\"g-cols vc_row via_grid cols_1 laptops-cols_inherit tablets-cols_inherit mobiles-cols_1 valign_top type_default stacking_default\"><div class=\"wpb_column vc_column_container us_custom_6e4478d3 has_bg_color\"><div class=\"vc_column-inner\"><div class=\"wpb_text_column us_custom_0269de41\"><div class=\"wpb_wrapper\"><p><span style=\"font-family: arial; font-size: 18pt; color: #d0bb79;\">Historische Sehensw\u00fcrdigkeiten<\/span><\/p>\n<p>Genie\u00dfen Sie erholsame und erlebnisreiche Tage in Tirol und bewundern Sie mittelalterliche Schl\u00f6sser und St\u00e4dte, die Berge und weitere gro\u00dfz\u00fcgige Sehensw\u00fcrdigkeiten von Tirol.<\/p>\n<p><strong><span class=\"fett\"><a href=\"https:\/\/das-festspielhaus.de\/ludwig2-das-musical\/\" target=\"_blank\" rel=\"noopener\"><span style=\"text-decoration: underline;\"><span style=\"font-size: 14pt;\">K\u00f6nig Ludwig Festpielhaus<\/span><\/span><\/a> <span style=\"font-size: 10pt;\">(49 km)<br \/>\n<\/span><\/span><\/strong>Dem K\u00f6nig war es nicht verg\u00f6nnt, ein viertes Schloss zu bauen. So hat man f\u00fcr ihn an diesem magischen Ort ein Festspielhaus und ein <strong><span style=\"text-decoration: underline;\">eigenes Musical<\/span><\/strong> erschaffen.<br \/>\n&#8222;Wir bewahren dem K\u00f6nig die Treue&#8220;, so eine Textpassage aus Ludwig 2.<br \/>\nSein legendenumranktes Leben ist voller R\u00e4tsel und Widerspr\u00fcche, aber auch voller Romantik und Fantasie, und bietet so gen\u00fcgend Stoff f\u00fcr ein ber\u00fchrendes und zugleich extrem packendes Musical.<br \/>\nWeitere Informationen zu den Terminen erhalten Sie <a href=\"https:\/\/das-festspielhaus.de\/ludwig2-das-musical\/\" target=\"_blank\" rel=\"noopener\">hier<\/a>.<\/p>\n<div><strong><span style=\"text-decoration: underline; font-size: 14pt;\"><span class=\"fett\"><a href=\"http:\/\/www.schlosslandeck.at\/\" target=\"_blank\" rel=\"noopener\">Schloss Landeck<\/a><\/span><\/span><span class=\"fett\"> (36 km)<\/span><\/strong><\/div>\n<div>\n<p>Ehemaliger Sitz der Tiroler Landespfleger. Das seit 1840 im Besitz der Stadt Landeck befindliche Schlo\u00df, das 1967-1973 restauriert wurde, birgt heute das sehenswerte Heimatmuseum f\u00fcr den Bezirk Landeck.<br \/>\n<span style=\"font-size: 12pt;\">\u00d6ffnungszeiten <\/span><br \/>\n<span style=\"font-size: 12pt;\"> 28. April bis 26. Oktober 2018<\/span><br \/>\n<span style=\"font-size: 12pt;\"> t\u00e4glich von 10:00 &#8211; 17:00 Uhr<\/span><\/p>\n<p><span style=\"text-decoration: underline;\"><span style=\"font-size: 14pt;\"><strong><span class=\"fett\"><a href=\"http:\/\/www.locherboden.at\/\" target=\"_blank\" rel=\"noopener\">Die Wallfahrtskirche Maria Locherboden<\/a><\/span><\/strong><\/span><\/span> <span style=\"font-size: 14pt;\"><strong><span class=\"fett\"><span style=\"font-size: 10pt;\">(20 km)<br \/>\n<\/span><\/span><\/strong><\/span>steht auf dem h\u00f6chsten Punkt des 900m hohen Locherboden. Die Kirche ist zu Fu\u00dfm leicht erreichbar und gew\u00e4hrt einen herrlichen Rundblick auf die Bergwelt des Mieminger Plateaus und auf das mittlere Oberinntal.<br \/>\nGehzeit ca. 30 min vom Parkplatz weg.<br \/>\nInformationen zu den Gottediensten <a href=\"http:\/\/www.locherboden.at\/index.php?id=16\" target=\"_blank\" rel=\"noopener\">hier<\/a><\/p>\n<p><strong><span class=\"fett\"><span style=\"text-decoration: underline;\"><a href=\"http:\/\/www.stiftstams.at\/\" target=\"_blank\" rel=\"noopener\"><span style=\"font-size: 14pt;\">Stift Stams<\/span> <\/a><\/span><span style=\"font-size: 10pt;\">(25 km)<br \/>\n<\/span><\/span><\/strong>Sie erhalten einen umfangreichen Einblick in das Leben der Zisterzienser von Stams. Dabei geht es nicht nur um Glanz und Gr\u00f6\u00dfe aus vergangenen Zeiten.<br \/>\nDie Sorge um die uns anvertrauten Menschen und die Weitergabe von Glaube und Spiritualit\u00e4t stehen im Mittelpunkt unseres Wirkens.<br \/>\n<span style=\"text-decoration-line: underline;\">F\u00fchrungen sind ganzj\u00e4hrig m\u00f6glich.<br \/>\n<\/span>Von<em>\u00a0Juni bis September<\/em>:<br \/>\nMontag bis Samstag von 9:00 -11:00 Uhr<br \/>\nund von 13:00- bis 17:00 Uhr<br \/>\nSonntag und an Feiertagen von 13:00- bis 17:00 Uhr<\/p>\n<p><strong><span style=\"text-decoration: underline;\"><span style=\"font-size: 14pt;\">Die K\u00f6nigsschl\u00f6sser<br \/>\n<\/span><\/span><\/strong>Schloss <a href=\"http:\/\/www.schlosslinderhof.de\/deutsch\/schloss\/entsteh.htm\" target=\"_blank\" rel=\"noopener\">Neuschwanstein <\/a><span class=\"fett\"><strong>(50 km)<\/strong><\/span> wurde wie <a href=\"http:\/\/www.schlosslinderhof.de\/deutsch\/schloss\/entsteh.htm\" target=\"_blank\" rel=\"noopener\">Linderhof<\/a><span class=\"fett\"><strong> (57 km)<\/strong><\/span> von K\u00f6nig Ludwig II von Bayern erbaut, der auch in unserem Haus zwei Zimmer bewohnte.<br \/>\n\u00d6ffnungszeiten Schloss Neuschwanstein &amp; Linderhof<br \/>\nVon 24. M\u00e4rz bis 15. Oktober<br \/>\n09:00 &#8211; 18:00 Uhr<\/p>\n<p><strong><span style=\"font-size: 14pt;\"><a href=\"https:\/\/www.kloster-ettal.de\/\" target=\"_blank\" rel=\"noopener\">Kloster Ettal <\/a><\/span><span style=\"font-size: 10pt;\">(56 km)<br \/>\n<\/span><\/strong>Vor den schroff aus dem Bergwald hervorragenden Felsen der Alpen erhebt sich die majest\u00e4tische Kuppel der Ettaler Basilika, der Herzkammer des Klosters. Bereits der erste, gotische Bau der Kirche war so errichtet worden. Die im 18. Jahrhundert entstandene und im 20. Jahrhundert umfassend erneuerte Klosteranlage ist um die Kirche herum gebaut worden.<\/p>\n<p><strong><span style=\"text-decoration: underline;\"><span style=\"font-size: 14pt;\">Landeshauptstadt Innsbruck<\/span> <\/span><span style=\"font-size: 10pt;\">(60 km)<br \/>\n<\/span><\/strong>Erleben Sie die Sehensw\u00fcrdigkeiten in mittelalterlicher Atmosph\u00e4re in in der Altstadt:<br \/>\n<strong><a href=\"http:\/\/www.goldenes-dachl.at\/\" target=\"_blank\" rel=\"noopener\">Das Goldenen Dachl<\/a><br \/>\n<\/strong><strong><a href=\"http:\/\/www.tiroler-landesmuseen.at\/page.cfm?vpath=haeuser\/das-tirol-panorama-mit-kjm-\/haus\/riesenrundgemaelde\" target=\"_blank\" rel=\"noopener\">Das Rundegm\u00e4lde\/Bergiselschanze<\/a><br \/>\n<\/strong><strong><a href=\"https:\/\/www.innsbruck.info\/infrastruktur\/detail\/infrastruktur\/hofkirche-innsbruck.html\" target=\"_blank\" rel=\"noopener\">Die Hofkirche<\/a><br \/>\n<\/strong><strong><a href=\"https:\/\/www.innsbruck.info\/infrastruktur\/detail\/infrastruktur\/dom-zu-st-jakob-innsbruck.html\" target=\"_blank\" rel=\"noopener\">Dom St. Jakob<\/a><br \/>\n<\/strong><strong><a href=\"https:\/\/www.innsbruck.info\/infrastruktur\/detail\/infrastruktur\/basilika-wilten-innsbruck.html\" target=\"_blank\" rel=\"noopener\">Wiltener Basilika<\/a><br \/>\n<\/strong><strong><a href=\"http:\/\/www.ferdinandeum.at\/\" target=\"_blank\" rel=\"noopener\">Ferdinandeum<\/a><br \/>\n<\/strong><a href=\"https:\/\/www.schlossambras-innsbruck.at\/\" target=\"_blank\" rel=\"noopener\"><strong>Schloss Ambras<\/strong><\/a><br \/>\nIn Innsbruck finden Sie nat\u00fcrlich hervorragende Einkaufsm\u00f6glichkeiten; wenn Sie zum Beispiel durch die Maria-Theresien-Stra\u00dfe, eine der sch\u00f6nsten Stadtpromenaden Europas, bummeln.<\/p>\n<p><span style=\"text-decoration: underline;\"><a href=\"https:\/\/kristallwelten.swarovski.com\/Content.Node\/wattens\/index.de.html\" target=\"_blank\" rel=\"noopener\"><span style=\"font-size: 14pt;\"><strong>Swarowski Kristallwelten in Wattens <\/strong><\/span><\/a><\/span><span style=\"font-size: 14pt;\"><strong><span style=\"font-size: 10pt;\">(78 km)<br \/>\n<\/span><\/strong><\/span>Einige Kilometer unterhalb von Innsbruck. Der Ort wird vom Wasserspeienden Kopf eines alpinen Riesen bestimmt, dem ein kleiner See zu F\u00fc\u00dfen liegt. Im Inneren l\u00e4sst Andr\u00e9 Heller den Gast mit allen Sinnen das Ph\u00e4nomen Kristall betreten.<br \/>\n<b>Regul\u00e4re \u00d6ffnungszeiten (September bis Juni)<br \/>\n<\/b>T\u00e4glich von 8:30 Uhr bis 19:30 Uhr<br \/>\nLetzter Einlass: 18:30 Uhr<br \/>\n<strong>VERL\u00c4NGERTE \u00d6FFNUNGSZEITEN<br \/>\n<\/strong><b>1. Juli bis 31. August w\u00e4hrend des\u00a0<a class=\"\" href=\"https:\/\/kristallwelten.swarovski.com\/Content.Node\/wattens\/Sommer_im_Riesen.de.html\" target=\"_blank\" rel=\"noopener\" data-gentics-aloha-repository=\"com.gentics.aloha.GCN.Page\" data-gentics-aloha-object-id=\"10007.297386\">Sommerfestival<\/a><br \/>\n<\/b>T\u00e4glich von 8:30 Uhr bis 22:00 Uhr, letzter Einlass: 21:00 Uhr<\/p>\n<p>&nbsp;<\/p>\n<\/div>\n<table style=\"border-collapse: collapse; width: 100%;\">\n<tbody>\n<tr>\n<td style=\"width: 100%; border-style: solid; border-color: #fcfcfc;\">\n\t\t<!-- MasterSlider -->\n\t\t<div id=\"P_MS6a0489acd0dc3\" class=\"master-slider-parent ms-parent-id-11\" style=\"max-width:1500px;\" >\n\n\t\t\t\n\t\t\t<!-- MasterSlider Main -->\n\t\t\t<div id=\"MS6a0489acd0dc3\" class=\"master-slider ms-skin-black-2 round-skin\" >\n\t\t\t\t \t\t\t\t \n\n\t\t\t<div  class=\"ms-slide\" data-delay=\"3\" data-fill-mode=\"fill\"   >\n\t\t\t\t\t<img decoding=\"async\" src=\"https:\/\/www.fernsteinsee.at\/info\/wp-content\/plugins\/masterslider\/public\/assets\/css\/blank.gif\" alt=\"\" title=\"dom-st-jakob\" data-src=\"https:\/\/www.fernsteinsee.at\/info\/wp-content\/uploads\/2022\/05\/dom-st-jakob.jpg\" \/>\n\n\n\t<img decoding=\"async\" class=\"ms-thumb\" src=\"https:\/\/www.fernsteinsee.at\/info\/wp-content\/uploads\/2022\/05\/dom-st-jakob-200x200.jpg\" alt=\"\" \/>\n\t\t\t\t<\/div>\n\t\t\t<div  class=\"ms-slide\" data-delay=\"3\" data-fill-mode=\"fill\"   >\n\t\t\t\t\t<img decoding=\"async\" src=\"https:\/\/www.fernsteinsee.at\/info\/wp-content\/plugins\/masterslider\/public\/assets\/css\/blank.gif\" alt=\"\" title=\"ferdinandeumtvb-innsbruck\" data-src=\"https:\/\/www.fernsteinsee.at\/info\/wp-content\/uploads\/2022\/05\/ferdinandeumtvb-innsbruck.jpg\" \/>\n\n\n\t<img decoding=\"async\" class=\"ms-thumb\" src=\"https:\/\/www.fernsteinsee.at\/info\/wp-content\/uploads\/2022\/05\/ferdinandeumtvb-innsbruck-200x200.jpg\" alt=\"\" \/>\n\t\t\t\t<\/div>\n\t\t\t<div  class=\"ms-slide\" data-delay=\"3\" data-fill-mode=\"fill\"   >\n\t\t\t\t\t<img decoding=\"async\" src=\"https:\/\/www.fernsteinsee.at\/info\/wp-content\/plugins\/masterslider\/public\/assets\/css\/blank.gif\" alt=\"\" title=\"goldenes-dachl\" data-src=\"https:\/\/www.fernsteinsee.at\/info\/wp-content\/uploads\/2022\/05\/goldenes-dachl.jpg\" \/>\n\n\n\t<img decoding=\"async\" class=\"ms-thumb\" src=\"https:\/\/www.fernsteinsee.at\/info\/wp-content\/uploads\/2022\/05\/goldenes-dachl-200x200.jpg\" alt=\"\" \/>\n\t\t\t\t<\/div>\n\t\t\t<div  class=\"ms-slide\" data-delay=\"3\" data-fill-mode=\"fill\"   >\n\t\t\t\t\t<img decoding=\"async\" src=\"https:\/\/www.fernsteinsee.at\/info\/wp-content\/plugins\/masterslider\/public\/assets\/css\/blank.gif\" alt=\"\" title=\"hochzeitslocation-schloss-landeck\" data-src=\"https:\/\/www.fernsteinsee.at\/info\/wp-content\/uploads\/2022\/05\/hochzeitslocation-schloss-landeck.jpg\" \/>\n\n\n\t<img decoding=\"async\" class=\"ms-thumb\" src=\"https:\/\/www.fernsteinsee.at\/info\/wp-content\/uploads\/2022\/05\/hochzeitslocation-schloss-landeck-200x200.jpg\" alt=\"\" \/>\n\t\t\t\t<\/div>\n\t\t\t<div  class=\"ms-slide\" data-delay=\"3\" data-fill-mode=\"fill\"   >\n\t\t\t\t\t<img decoding=\"async\" src=\"https:\/\/www.fernsteinsee.at\/info\/wp-content\/plugins\/masterslider\/public\/assets\/css\/blank.gif\" alt=\"\" title=\"hofburg\" data-src=\"https:\/\/www.fernsteinsee.at\/info\/wp-content\/uploads\/2022\/05\/hofburg.jpg\" \/>\n\n\n\t<img decoding=\"async\" class=\"ms-thumb\" src=\"https:\/\/www.fernsteinsee.at\/info\/wp-content\/uploads\/2022\/05\/hofburg-200x200.jpg\" alt=\"\" \/>\n\t\t\t\t<\/div>\n\t\t\t<div  class=\"ms-slide\" data-delay=\"3\" data-fill-mode=\"fill\"   >\n\t\t\t\t\t<img decoding=\"async\" src=\"https:\/\/www.fernsteinsee.at\/info\/wp-content\/plugins\/masterslider\/public\/assets\/css\/blank.gif\" alt=\"\" title=\"maria-locherboden\" data-src=\"https:\/\/www.fernsteinsee.at\/info\/wp-content\/uploads\/2022\/05\/maria-locherboden.jpg\" \/>\n\n\n\t<img decoding=\"async\" class=\"ms-thumb\" src=\"https:\/\/www.fernsteinsee.at\/info\/wp-content\/uploads\/2022\/05\/maria-locherboden-200x200.jpg\" alt=\"\" \/>\n\t\t\t\t<\/div>\n\t\t\t<div  class=\"ms-slide\" data-delay=\"3\" data-fill-mode=\"fill\"   >\n\t\t\t\t\t<img decoding=\"async\" src=\"https:\/\/www.fernsteinsee.at\/info\/wp-content\/plugins\/masterslider\/public\/assets\/css\/blank.gif\" alt=\"\" title=\"musical-ludwig\" data-src=\"https:\/\/www.fernsteinsee.at\/info\/wp-content\/uploads\/2022\/05\/musical-ludwig.jpg\" \/>\n\n\n\t<img decoding=\"async\" class=\"ms-thumb\" src=\"https:\/\/www.fernsteinsee.at\/info\/wp-content\/uploads\/2022\/05\/musical-ludwig-200x200.jpg\" alt=\"\" \/>\n\t\t\t\t<\/div>\n\t\t\t<div  class=\"ms-slide\" data-delay=\"3\" data-fill-mode=\"fill\"   >\n\t\t\t\t\t<img decoding=\"async\" src=\"https:\/\/www.fernsteinsee.at\/info\/wp-content\/plugins\/masterslider\/public\/assets\/css\/blank.gif\" alt=\"\" title=\"rundgemaelde-innsbruck\" data-src=\"https:\/\/www.fernsteinsee.at\/info\/wp-content\/uploads\/2022\/05\/rundgemaelde-innsbruck.jpg\" \/>\n\n\n\t<img decoding=\"async\" class=\"ms-thumb\" src=\"https:\/\/www.fernsteinsee.at\/info\/wp-content\/uploads\/2022\/05\/rundgemaelde-innsbruck-200x200.jpg\" alt=\"\" \/>\n\t\t\t\t<\/div>\n\t\t\t<div  class=\"ms-slide\" data-delay=\"3\" data-fill-mode=\"fill\"   >\n\t\t\t\t\t<img decoding=\"async\" src=\"https:\/\/www.fernsteinsee.at\/info\/wp-content\/plugins\/masterslider\/public\/assets\/css\/blank.gif\" alt=\"\" title=\"schloss-ambras\" data-src=\"https:\/\/www.fernsteinsee.at\/info\/wp-content\/uploads\/2022\/05\/schloss-ambras.jpg\" \/>\n\n\n\t<img decoding=\"async\" class=\"ms-thumb\" src=\"https:\/\/www.fernsteinsee.at\/info\/wp-content\/uploads\/2022\/05\/schloss-ambras-200x200.jpg\" alt=\"\" \/>\n\t\t\t\t<\/div>\n\t\t\t<div  class=\"ms-slide\" data-delay=\"3\" data-fill-mode=\"fill\"   >\n\t\t\t\t\t<img decoding=\"async\" src=\"https:\/\/www.fernsteinsee.at\/info\/wp-content\/plugins\/masterslider\/public\/assets\/css\/blank.gif\" alt=\"\" title=\"schloss-linderhof\" data-src=\"https:\/\/www.fernsteinsee.at\/info\/wp-content\/uploads\/2022\/05\/schloss-linderhof.jpg\" \/>\n\n\n\t<img decoding=\"async\" class=\"ms-thumb\" src=\"https:\/\/www.fernsteinsee.at\/info\/wp-content\/uploads\/2022\/05\/schloss-linderhof-200x200.jpg\" alt=\"\" \/>\n\t\t\t\t<\/div>\n\t\t\t<div  class=\"ms-slide\" data-delay=\"3\" data-fill-mode=\"fill\"   >\n\t\t\t\t\t<img decoding=\"async\" src=\"https:\/\/www.fernsteinsee.at\/info\/wp-content\/plugins\/masterslider\/public\/assets\/css\/blank.gif\" alt=\"\" title=\"schloss-neuschwanstein\" data-src=\"https:\/\/www.fernsteinsee.at\/info\/wp-content\/uploads\/2022\/05\/schloss-neuschwanstein.jpg\" \/>\n\n\n\t<img decoding=\"async\" class=\"ms-thumb\" src=\"https:\/\/www.fernsteinsee.at\/info\/wp-content\/uploads\/2022\/05\/schloss-neuschwanstein-200x200.jpg\" alt=\"\" \/>\n\t\t\t\t<\/div>\n\t\t\t<div  class=\"ms-slide\" data-delay=\"3\" data-fill-mode=\"fill\"   >\n\t\t\t\t\t<img decoding=\"async\" src=\"https:\/\/www.fernsteinsee.at\/info\/wp-content\/plugins\/masterslider\/public\/assets\/css\/blank.gif\" alt=\"\" title=\"stift-stams\" data-src=\"https:\/\/www.fernsteinsee.at\/info\/wp-content\/uploads\/2022\/05\/stift-stams.jpg\" \/>\n\n\n\t<img decoding=\"async\" class=\"ms-thumb\" src=\"https:\/\/www.fernsteinsee.at\/info\/wp-content\/uploads\/2022\/05\/stift-stams-200x200.jpg\" alt=\"\" \/>\n\t\t\t\t<\/div>\n\t\t\t<div  class=\"ms-slide\" data-delay=\"3\" data-fill-mode=\"fill\"   >\n\t\t\t\t\t<img decoding=\"async\" src=\"https:\/\/www.fernsteinsee.at\/info\/wp-content\/plugins\/masterslider\/public\/assets\/css\/blank.gif\" alt=\"\" title=\"wiltener-basilika\" data-src=\"https:\/\/www.fernsteinsee.at\/info\/wp-content\/uploads\/2022\/05\/wiltener-basilika.jpg\" \/>\n\n\n\t<img decoding=\"async\" class=\"ms-thumb\" src=\"https:\/\/www.fernsteinsee.at\/info\/wp-content\/uploads\/2022\/05\/wiltener-basilika-200x200.jpg\" alt=\"\" \/>\n\t\t\t\t<\/div>\n\n\t\t\t<\/div>\n\t\t\t<!-- END MasterSlider Main -->\n\n\t\t\t \n\t\t<\/div>\n\t\t<!-- END MasterSlider -->\n\n\t\t<script>\n\t\t( window.MSReady = window.MSReady || [] ).push( function( $ ) {\n\n\t\t\t\"use strict\";\n\t\t\tvar masterslider_0dc3 = new MasterSlider();\n\n\t\t\t\/\/ slider controls\n\t\t\tmasterslider_0dc3.control('arrows'     ,{ autohide:true, overVideo:true  });\n\t\t\tmasterslider_0dc3.control('thumblist'  ,{ autohide:false, overVideo:true, dir:'v', speed:17, inset:false, arrows:false, hover:false, customClass:'', align:'right',type:'thumbs', margin:5, width:200, height:200, space:5, fillMode:'fill' , hideUnder:600 });\n\t\t\t\/\/ slider setup\n\t\t\tmasterslider_0dc3.setup(\"MS6a0489acd0dc3\", {\n\t\t\t\twidth           : 1500,\n\t\t\t\theight          : 1000,\n\t\t\t\tminHeight       : 0,\n\t\t\t\tspace           : 0,\n\t\t\t\tstart           : 1,\n\t\t\t\tgrabCursor      : true,\n\t\t\t\tswipe           : true,\n\t\t\t\tmouse           : true,\n\t\t\t\tkeyboard        : false,\n\t\t\t\tlayout          : \"boxed\",\n\t\t\t\twheel           : false,\n\t\t\t\tautoplay        : true,\n                instantStartLayers:false,\n\t\t\t\tmobileBGVideo:false,\n\t\t\t\tloop            : true,\n\t\t\t\tshuffle         : false,\n\t\t\t\tpreload         : 0,\n\t\t\t\theightLimit     : true,\n\t\t\t\tautoHeight      : false,\n\t\t\t\tsmoothHeight    : true,\n\t\t\t\tendPause        : false,\n\t\t\t\toverPause       : true,\n\t\t\t\tfillMode        : \"fill\",\n\t\t\t\tcenterControls  : true,\n\t\t\t\tstartOnAppear   : false,\n\t\t\t\tlayersMode      : \"center\",\n\t\t\t\tautofillTarget  : \"\",\n\t\t\t\thideLayers      : false,\n\t\t\t\tfullscreenMargin: 0,\n\t\t\t\tspeed           : 20,\n\t\t\t\tdir             : \"h\",\n\t\t\t\tresponsive      : true,\n\t\t\t\ttabletWidth     : 768,\n\t\t\t\ttabletHeight    : null,\n\t\t\t\tphoneWidth      : 480,\n\t\t\t\tphoneHeight    : null,\n\t\t\t\tsizingReference : window,\n\t\t\t\tparallaxMode    : 'swipe',\n\t\t\t\tview            : \"basic\"\n\t\t\t});\n\n\t\t\t\n\t\t\twindow.masterslider_instances = window.masterslider_instances || [];\n\t\t\twindow.masterslider_instances.push( masterslider_0dc3 );\n\t\t});\n\t\t<\/script>\n\n<\/td>\n<\/tr>\n<\/tbody>\n<\/table>\n<\/div><\/div><\/div><\/div><\/div><\/div><\/section>\n<\/div>","protected":false},"excerpt":{"rendered":"Historische Sehensw\u00fcrdigkeiten Genie\u00dfen Sie erholsame und erlebnisreiche Tage in Tirol und bewundern Sie mittelalterliche Schl\u00f6sser und St\u00e4dte, die Berge und weitere gro\u00dfz\u00fcgige Sehensw\u00fcrdigkeiten von Tirol. K\u00f6nig Ludwig Festpielhaus (49 km) Dem K\u00f6nig war es nicht verg\u00f6nnt, ein viertes Schloss zu bauen. So hat man f\u00fcr ihn an diesem magischen Ort ein Festspielhaus und ein eigenes...","protected":false},"author":1,"featured_media":0,"parent":0,"menu_order":0,"comment_status":"closed","ping_status":"closed","template":"","meta":{"_monsterinsights_skip_tracking":false,"_monsterinsights_sitenote_active":false,"_monsterinsights_sitenote_note":"","_monsterinsights_sitenote_category":0,"footnotes":""},"class_list":["post-621","page","type-page","status-publish","hentry"],"_links":{"self":[{"href":"https:\/\/www.fernsteinsee.at\/info\/wp-json\/wp\/v2\/pages\/621","targetHints":{"allow":["GET"]}}],"collection":[{"href":"https:\/\/www.fernsteinsee.at\/info\/wp-json\/wp\/v2\/pages"}],"about":[{"href":"https:\/\/www.fernsteinsee.at\/info\/wp-json\/wp\/v2\/types\/page"}],"author":[{"embeddable":true,"href":"https:\/\/www.fernsteinsee.at\/info\/wp-json\/wp\/v2\/users\/1"}],"replies":[{"embeddable":true,"href":"https:\/\/www.fernsteinsee.at\/info\/wp-json\/wp\/v2\/comments?post=621"}],"version-history":[{"count":0,"href":"https:\/\/www.fernsteinsee.at\/info\/wp-json\/wp\/v2\/pages\/621\/revisions"}],"wp:attachment":[{"href":"https:\/\/www.fernsteinsee.at\/info\/wp-json\/wp\/v2\/media?parent=621"}],"curies":[{"name":"wp","href":"https:\/\/api.w.org\/{rel}","templated":true}]}}